{"id":8096,"date":"2025-10-22T14:53:28","date_gmt":"2025-10-22T06:53:28","guid":{"rendered":"https:\/\/medkemedical.com\/?post_type=videos&#038;p=8096"},"modified":"2025-10-22T16:38:17","modified_gmt":"2025-10-22T08:38:17","slug":"cmef-autumn-2025-day-2-highlights","status":"publish","type":"videos","link":"https:\/\/medkemedical.com\/pl\/videos\/cmef-autumn-2025-day-2-highlights\/","title":{"rendered":"CMEF Jesie\u0144 2025 | Najwa\u017cniejsze wydarzenia drugiego dnia"},"content":{"rendered":"<p class=\"has-medium-font-size\">Drugiego dnia 92. Mi\u0119dzynarodowych Targ\u00f3w Sprz\u0119tu Medycznego w Chinach (CMEF Autumn) na stoisku Medke panowa\u0142a \u017cywa atmosfera! \ud83d\ude80\u2728<\/p><figure class=\"wp-block-video\"><video controls poster=\"https:\/\/medkemedical.com\/wp-content\/uploads\/2025\/10\/\u5e7f\u5dde\u5c55\u4f1a\u73b0\u573a-\u82f1\u6587\u7248-\u5c01\u9762.jpg\" src=\"https:\/\/medkemedical.com\/wp-content\/uploads\/2025\/10\/\u5e7f\u5dde\u5c55\u4f1a\u73b0\u573a-\u82f1\u6587\u7248.mov\"><\/video><\/figure><p class=\"has-medium-font-size\">\ud83d\udc65 Nasze stoisko wype\u0142ni\u0142y t\u0142umy odwiedzaj\u0105cych, a wielu z nich chwali\u0142o nowy design stoiska i od\u015bwie\u017cony wizerunek marki, co skutecznie przyci\u0105gn\u0119\u0142o jeszcze wi\u0119ksz\u0105 uwag\u0119 nowych odbiorc\u00f3w, zainteresowanych mark\u0105 Medke. Jednocze\u015bnie nasi lojalni partnerzy wykazali si\u0119 ogromnym entuzjazmem i oczekiwaniem na nasze najnowsze innowacje produktowe.<\/p><p class=\"has-medium-font-size\">Jeste\u015bmy dumni, \u017ce zaanga\u017cowanie firmy Medke w jako\u015b\u0107, innowacyjno\u015b\u0107 i kompleksowe rozwi\u0105zania do monitorowania pacjent\u00f3w spotyka si\u0119 z tak silnym odzewem zar\u00f3wno w\u015br\u00f3d nowych, jak i obecnych klient\u00f3w. Dzi\u0119kujemy za wsparcie \u2014 sprawmy, aby reszta wystawy by\u0142a jeszcze bardziej ekscytuj\u0105ca!<\/p><p class=\"has-medium-font-size\">\ud83d\udccd Odwied\u017a nas w hali 3.1, stoisko K37 \u2013 Kompleks Targ\u00f3w Kanto\u0144skich w Kantonie<\/p>","protected":false},"featured_media":8097,"template":"","meta":{"_acf_changed":false},"video-category":[258],"video-tag":[273],"class_list":["post-8096","videos","type-videos","status-publish","has-post-thumbnail","hentry","video-category-company","video-tag-exhibition"],"acf":[],"_links":{"self":[{"href":"https:\/\/medkemedical.com\/pl\/wp-json\/wp\/v2\/videos\/8096","targetHints":{"allow":["GET"]}}],"collection":[{"href":"https:\/\/medkemedical.com\/pl\/wp-json\/wp\/v2\/videos"}],"about":[{"href":"https:\/\/medkemedical.com\/pl\/wp-json\/wp\/v2\/types\/videos"}],"wp:featuredmedia":[{"embeddable":true,"href":"https:\/\/medkemedical.com\/pl\/wp-json\/wp\/v2\/media\/8097"}],"wp:attachment":[{"href":"https:\/\/medkemedical.com\/pl\/wp-json\/wp\/v2\/media?parent=8096"}],"wp:term":[{"taxonomy":"video-category","embeddable":true,"href":"https:\/\/medkemedical.com\/pl\/wp-json\/wp\/v2\/video-category?post=8096"},{"taxonomy":"video-tag","embeddable":true,"href":"https:\/\/medkemedical.com\/pl\/wp-json\/wp\/v2\/video-tag?post=8096"}],"curies":[{"name":"wp","href":"https:\/\/api.w.org\/{rel}","templated":true}]}}

CMEF Jesień 2025 | Najważniejsze wydarzenia drugiego dnia

<p class="has-medium-font-size">Drugiego dnia 92. Międzynarodowych Targów Sprzętu Medycznego w Chinach (CMEF Autumn) na stoisku Medke panowała żywa atmosfera! 🚀✨</p><figure class="wp-block-video"><video controls poster="https://medkemedical.com/wp-content/uploads/2025/10/广州展会现场-英文版-封面.jpg" src="https://medkemedical.com/wp-content/uploads/2025/10/广州展会现场-英文版.mov"></video></figure><p class="has-medium-font-size">👥 Nasze stoisko wypełniły tłumy odwiedzających, a wielu z nich chwaliło nowy design stoiska i odświeżony wizerunek marki, co skutecznie przyciągnęło jeszcze większą uwagę nowych odbiorców, zainteresowanych marką Medke. Jednocześnie nasi lojalni partnerzy wykazali się ogromnym entuzjazmem i oczekiwaniem na nasze najnowsze innowacje produktowe.</p><p class="has-medium-font-size">Jesteśmy dumni, że zaangażowanie firmy Medke w jakość, innowacyjność i kompleksowe rozwiązania do monitorowania pacjentów spotyka się z tak silnym odzewem zarówno wśród nowych, jak i obecnych klientów. Dziękujemy za wsparcie — sprawmy, aby reszta wystawy była jeszcze bardziej ekscytująca!</p><p class="has-medium-font-size">📍 Odwiedź nas w hali 3.1, stoisko K37 – Kompleks Targów Kantońskich w Kantonie</p>
