{"id":8096,"date":"2025-10-22T14:53:28","date_gmt":"2025-10-22T06:53:28","guid":{"rendered":"https:\/\/medkemedical.com\/?post_type=videos&#038;p=8096"},"modified":"2025-10-22T16:38:17","modified_gmt":"2025-10-22T08:38:17","slug":"cmef-autumn-2025-day-2-highlights","status":"publish","type":"videos","link":"https:\/\/medkemedical.com\/fr\/videos\/cmef-autumn-2025-day-2-highlights\/","title":{"rendered":"CMEF Automne 2025 | Temps forts du jour 2"},"content":{"rendered":"<p class=\"has-medium-font-size\">La deuxi\u00e8me journ\u00e9e du 92e Salon international des \u00e9quipements m\u00e9dicaux de Chine (CMEF Automne) a \u00e9t\u00e9 marqu\u00e9e par une effervescence incroyable sur le stand Medke ! \ud83d\ude80\u2728<\/p><figure class=\"wp-block-video\"><video controls poster=\"https:\/\/medkemedical.com\/wp-content\/uploads\/2025\/10\/\u5e7f\u5dde\u5c55\u4f1a\u73b0\u573a-\u82f1\u6587\u7248-\u5c01\u9762.jpg\" src=\"https:\/\/medkemedical.com\/wp-content\/uploads\/2025\/10\/\u5e7f\u5dde\u5c55\u4f1a\u73b0\u573a-\u82f1\u6587\u7248.mov\"><\/video><\/figure><p class=\"has-medium-font-size\">\ud83d\udc65 Notre stand a attir\u00e9 une foule de visiteurs, dont beaucoup ont salu\u00e9 son nouveau design et notre image de marque modernis\u00e9e, qui ont su capter l&#039;attention d&#039;un public encore plus large, d\u00e9sireux d&#039;en savoir plus sur Medke. Parall\u00e8lement, nos partenaires fid\u00e8les ont manifest\u00e9 un grand enthousiasme et une forte impatience quant \u00e0 nos derni\u00e8res innovations produits.<\/p><p class=\"has-medium-font-size\">Nous sommes fiers de constater que l&#039;engagement de Medke envers la qualit\u00e9, l&#039;innovation et les solutions de surveillance patient int\u00e9gr\u00e9es trouve un \u00e9cho si fort aupr\u00e8s de nos clients, nouveaux comme anciens. Merci pour votre soutien\u00a0! Continuons sur cette lanc\u00e9e pour que le reste du salon soit encore plus passionnant\u00a0!<\/p><p class=\"has-medium-font-size\">\ud83d\udccd Venez nous rendre visite au hall 3.1, stand K37 \u2013 Parc des expositions de Canton de Guangzhou<\/p>","protected":false},"featured_media":8097,"template":"","meta":{"_acf_changed":false},"video-category":[258],"video-tag":[273],"class_list":["post-8096","videos","type-videos","status-publish","has-post-thumbnail","hentry","video-category-company","video-tag-exhibition"],"acf":[],"_links":{"self":[{"href":"https:\/\/medkemedical.com\/fr\/wp-json\/wp\/v2\/videos\/8096","targetHints":{"allow":["GET"]}}],"collection":[{"href":"https:\/\/medkemedical.com\/fr\/wp-json\/wp\/v2\/videos"}],"about":[{"href":"https:\/\/medkemedical.com\/fr\/wp-json\/wp\/v2\/types\/videos"}],"wp:featuredmedia":[{"embeddable":true,"href":"https:\/\/medkemedical.com\/fr\/wp-json\/wp\/v2\/media\/8097"}],"wp:attachment":[{"href":"https:\/\/medkemedical.com\/fr\/wp-json\/wp\/v2\/media?parent=8096"}],"wp:term":[{"taxonomy":"video-category","embeddable":true,"href":"https:\/\/medkemedical.com\/fr\/wp-json\/wp\/v2\/video-category?post=8096"},{"taxonomy":"video-tag","embeddable":true,"href":"https:\/\/medkemedical.com\/fr\/wp-json\/wp\/v2\/video-tag?post=8096"}],"curies":[{"name":"wp","href":"https:\/\/api.w.org\/{rel}","templated":true}]}}

<p class="has-medium-font-size">La deuxième journée du 92e Salon international des équipements médicaux de Chine (CMEF Automne) a été marquée par une effervescence incroyable sur le stand Medke ! 🚀✨</p><figure class="wp-block-video"><video controls poster="https://medkemedical.com/wp-content/uploads/2025/10/广州展会现场-英文版-封面.jpg" src="https://medkemedical.com/wp-content/uploads/2025/10/广州展会现场-英文版.mov"></video></figure><p class="has-medium-font-size">👥 Notre stand a attiré une foule de visiteurs, dont beaucoup ont salué son nouveau design et notre image de marque modernisée, qui ont su capter l&#039;attention d&#039;un public encore plus large, désireux d&#039;en savoir plus sur Medke. Parallèlement, nos partenaires fidèles ont manifesté un grand enthousiasme et une forte impatience quant à nos dernières innovations produits.</p><p class="has-medium-font-size">Nous sommes fiers de constater que l&#039;engagement de Medke envers la qualité, l&#039;innovation et les solutions de surveillance patient intégrées trouve un écho si fort auprès de nos clients, nouveaux comme anciens. Merci pour votre soutien ! Continuons sur cette lancée pour que le reste du salon soit encore plus passionnant !</p><p class="has-medium-font-size">📍 Venez nous rendre visite au hall 3.1, stand K37 – Parc des expositions de Canton de Guangzhou</p>
