{"id":8179,"date":"2025-12-02T14:51:13","date_gmt":"2025-12-02T06:51:13","guid":{"rendered":"https:\/\/medkemedical.com\/?post_type=videos&#038;p=8179"},"modified":"2025-12-02T14:51:13","modified_gmt":"2025-12-02T06:51:13","slug":"medica-2025-through-our-lens-%f0%9f%8e%ac%e2%9c%a8","status":"publish","type":"videos","link":"https:\/\/medkemedical.com\/es\/videos\/medica-2025-through-our-lens-%f0%9f%8e%ac%e2%9c%a8\/","title":{"rendered":"MEDICA 2025 a trav\u00e9s de nuestra lente \ud83c\udfac\u2728"},"content":{"rendered":"<p class=\"has-medium-font-size\">Desde el momento en que nuestro equipo lleg\u00f3 a D\u00fcsseldorf y comenz\u00f3 a montar el stand, sab\u00edamos que la MEDICA 2025 de este a\u00f1o ser\u00eda extraordinaria.<\/p><figure class=\"wp-block-video\"><video controls src=\"https:\/\/medkemedical.com\/wp-content\/uploads\/2025\/12\/\u5fb7\u56fd\u5c55\u4f1a11.19-\u82f1\u6587\u7248.mp4\"><\/video><\/figure><p class=\"has-medium-font-size\">Despu\u00e9s de d\u00edas de cuidadosa preparaci\u00f3n, cada exhibici\u00f3n, demostraci\u00f3n de producto y elemento de marca se unieron, y una vez que se inaugur\u00f3 la exposici\u00f3n, los resultados fueron incre\u00edbles.<\/p><p class=\"has-medium-font-size\">Nuestro stand en el pabell\u00f3n 9 \/ E06 se convirti\u00f3 r\u00e1pidamente en un punto de encuentro vibrante, atrayendo a visitantes de todo el mundo. Nuevos socios nos visitaron para explorar nuestras \u00faltimas innovaciones en accesorios m\u00e9dicos, y clientes de larga data regresaron para hablar sobre futuras colaboraciones. La energ\u00eda, las conversaciones y el entusiasmo hicieron de esta exposici\u00f3n algo verdaderamente inolvidable.<\/p><p class=\"has-medium-font-size\">Un enorme agradecimiento a todos los visitantes que hicieron brillar el stand de Medke, y a nuestro dedicado equipo cuyo arduo trabajo convirti\u00f3 este evento en un \u00e9xito notable.<\/p><p class=\"has-medium-font-size\">Mant\u00e9ngase atento mientras continuamos aportando innovaci\u00f3n, calidad y confiabilidad al mercado global de la atenci\u00f3n m\u00e9dica. \ud83c\udf0d\u2764\ufe0f<\/p>","protected":false},"featured_media":8186,"template":"","meta":{"_acf_changed":false},"video-category":[258],"video-tag":[273],"class_list":["post-8179","videos","type-videos","status-publish","has-post-thumbnail","hentry","video-category-company","video-tag-exhibition"],"acf":[],"_links":{"self":[{"href":"https:\/\/medkemedical.com\/es\/wp-json\/wp\/v2\/videos\/8179","targetHints":{"allow":["GET"]}}],"collection":[{"href":"https:\/\/medkemedical.com\/es\/wp-json\/wp\/v2\/videos"}],"about":[{"href":"https:\/\/medkemedical.com\/es\/wp-json\/wp\/v2\/types\/videos"}],"wp:featuredmedia":[{"embeddable":true,"href":"https:\/\/medkemedical.com\/es\/wp-json\/wp\/v2\/media\/8186"}],"wp:attachment":[{"href":"https:\/\/medkemedical.com\/es\/wp-json\/wp\/v2\/media?parent=8179"}],"wp:term":[{"taxonomy":"video-category","embeddable":true,"href":"https:\/\/medkemedical.com\/es\/wp-json\/wp\/v2\/video-category?post=8179"},{"taxonomy":"video-tag","embeddable":true,"href":"https:\/\/medkemedical.com\/es\/wp-json\/wp\/v2\/video-tag?post=8179"}],"curies":[{"name":"wp","href":"https:\/\/api.w.org\/{rel}","templated":true}]}}

MEDICA 2025 a través de nuestra lente 🎬✨

<p class="has-medium-font-size">Desde el momento en que nuestro equipo llegó a Düsseldorf y comenzó a montar el stand, sabíamos que la MEDICA 2025 de este año sería extraordinaria.</p><figure class="wp-block-video"><video controls src="https://medkemedical.com/wp-content/uploads/2025/12/德国展会11.19-英文版.mp4"></video></figure><p class="has-medium-font-size">Después de días de cuidadosa preparación, cada exhibición, demostración de producto y elemento de marca se unieron, y una vez que se inauguró la exposición, los resultados fueron increíbles.</p><p class="has-medium-font-size">Nuestro stand en el pabellón 9 / E06 se convirtió rápidamente en un punto de encuentro vibrante, atrayendo a visitantes de todo el mundo. Nuevos socios nos visitaron para explorar nuestras últimas innovaciones en accesorios médicos, y clientes de larga data regresaron para hablar sobre futuras colaboraciones. La energía, las conversaciones y el entusiasmo hicieron de esta exposición algo verdaderamente inolvidable.</p><p class="has-medium-font-size">Un enorme agradecimiento a todos los visitantes que hicieron brillar el stand de Medke, y a nuestro dedicado equipo cuyo arduo trabajo convirtió este evento en un éxito notable.</p><p class="has-medium-font-size">Manténgase atento mientras continuamos aportando innovación, calidad y confiabilidad al mercado global de la atención médica. 🌍❤️</p>
