{"id":8177,"date":"2025-12-03T14:28:48","date_gmt":"2025-12-03T06:28:48","guid":{"rendered":"https:\/\/medkemedical.com\/?post_type=videos&#038;p=8177"},"modified":"2025-12-03T14:28:48","modified_gmt":"2025-12-03T06:28:48","slug":"mindray-compatible-temperature-probe-series","status":"publish","type":"videos","link":"https:\/\/medkemedical.com\/de\/videos\/mindray-compatible-temperature-probe-series\/","title":{"rendered":"Mindray-kompatible Temperaturf\u00fchlerserie"},"content":{"rendered":"<p class=\"has-medium-font-size\">Wir freuen uns, Ihnen unser vielseitiges Sortiment an Temperaturf\u00fchlern vorzustellen, das f\u00fcr eine genaue und zuverl\u00e4ssige Temperatur\u00fcberwachung in einem breiten Spektrum klinischer Anwendungen entwickelt wurde.<\/p><figure class=\"wp-block-video\"><video controls poster=\"https:\/\/medkemedical.com\/wp-content\/uploads\/2025\/12\/T1306-\u4f53\u6e29\u63a2\u5934\u7cfb\u5217-\u82f1\u6587\u7248.jpg\" src=\"https:\/\/medkemedical.com\/wp-content\/uploads\/2025\/12\/T1306-\u4f53\u6e29\u63a2\u5934\u7cfb\u5217-\u82f1\u6587\u7248.mp4\"><\/video><\/figure><p class=\"has-medium-font-size\">\u2728 Produktmerkmale:<\/p><p class=\"has-medium-font-size\">\u27052-poliger gerader gelber Stecker \u2013 vollst\u00e4ndig kompatibel mit Mindray-Monitoren<br>\u27053,0 mm PVC-Kabel in medizinischer Qualit\u00e4t<br>\u2705Entwickelt f\u00fcr die Messung von Oberfl\u00e4chen- und Kerntemperaturen.<\/p><p class=\"has-medium-font-size\">\ud83d\udccc Modelloptionen:<\/p><ul class=\"wp-block-list\"><li class=\"has-small-font-size\">T1306 \u2013 Hautsonde f\u00fcr Erwachsene<\/li>\n\n<li class=\"has-small-font-size\">T2306 \u2013 Adult Core Probe<\/li>\n\n<li class=\"has-small-font-size\">T3306 \u2013 P\u00e4diatrische Hautsonde<\/li>\n\n<li class=\"has-small-font-size\">T4306 \u2013 P\u00e4diatrische Kernsonde<\/li><\/ul><p class=\"has-medium-font-size\">Diese Serie wurde f\u00fcr Pr\u00e4zision, Langlebigkeit und Patientenkomfort entwickelt und bietet zuverl\u00e4ssige Leistung in Operationss\u00e4len, Intensivstationen, Notfallversorgung und Patienten\u00fcberwachung am Krankenbett.<\/p>","protected":false},"featured_media":8188,"template":"","meta":{"_acf_changed":false},"video-category":[257],"video-tag":[269],"class_list":["post-8177","videos","type-videos","status-publish","has-post-thumbnail","hentry","video-category-products","video-tag-temp"],"acf":[],"_links":{"self":[{"href":"https:\/\/medkemedical.com\/de\/wp-json\/wp\/v2\/videos\/8177","targetHints":{"allow":["GET"]}}],"collection":[{"href":"https:\/\/medkemedical.com\/de\/wp-json\/wp\/v2\/videos"}],"about":[{"href":"https:\/\/medkemedical.com\/de\/wp-json\/wp\/v2\/types\/videos"}],"wp:featuredmedia":[{"embeddable":true,"href":"https:\/\/medkemedical.com\/de\/wp-json\/wp\/v2\/media\/8188"}],"wp:attachment":[{"href":"https:\/\/medkemedical.com\/de\/wp-json\/wp\/v2\/media?parent=8177"}],"wp:term":[{"taxonomy":"video-category","embeddable":true,"href":"https:\/\/medkemedical.com\/de\/wp-json\/wp\/v2\/video-category?post=8177"},{"taxonomy":"video-tag","embeddable":true,"href":"https:\/\/medkemedical.com\/de\/wp-json\/wp\/v2\/video-tag?post=8177"}],"curies":[{"name":"wp","href":"https:\/\/api.w.org\/{rel}","templated":true}]}}

Mindray-kompatible Temperaturfühlerserie

<p class="has-medium-font-size">Wir freuen uns, Ihnen unser vielseitiges Sortiment an Temperaturfühlern vorzustellen, das für eine genaue und zuverlässige Temperaturüberwachung in einem breiten Spektrum klinischer Anwendungen entwickelt wurde.</p><figure class="wp-block-video"><video controls poster="https://medkemedical.com/wp-content/uploads/2025/12/T1306-体温探头系列-英文版.jpg" src="https://medkemedical.com/wp-content/uploads/2025/12/T1306-体温探头系列-英文版.mp4"></video></figure><p class="has-medium-font-size">✨ Produktmerkmale:</p><p class="has-medium-font-size">✅2-poliger gerader gelber Stecker – vollständig kompatibel mit Mindray-Monitoren<br>✅3,0 mm PVC-Kabel in medizinischer Qualität<br>✅Entwickelt für die Messung von Oberflächen- und Kerntemperaturen.</p><p class="has-medium-font-size">📌 Modelloptionen:</p><ul class="wp-block-list"><li class="has-small-font-size">T1306 – Hautsonde für Erwachsene</li>

<li class="has-small-font-size">T2306 – Adult Core Probe</li>

<li class="has-small-font-size">T3306 – Pädiatrische Hautsonde</li>

<li class="has-small-font-size">T4306 – Pädiatrische Kernsonde</li></ul><p class="has-medium-font-size">Diese Serie wurde für Präzision, Langlebigkeit und Patientenkomfort entwickelt und bietet zuverlässige Leistung in Operationssälen, Intensivstationen, Notfallversorgung und Patientenüberwachung am Krankenbett.</p>
